{"id":451,"date":"2024-12-27T11:23:49","date_gmt":"2024-12-27T10:23:49","guid":{"rendered":"https:\/\/monpoisson.fr\/?post_type=product&#038;p=451"},"modified":"2025-02-10T16:14:02","modified_gmt":"2025-02-10T15:14:02","slug":"croque-saumon","status":"publish","type":"product","link":"https:\/\/monpoisson.fr\/index.php\/produit\/croque-saumon\/","title":{"rendered":"Croque Saumon &#8211; La part"},"content":{"rendered":"\t\t<div data-elementor-type=\"wp-post\" data-elementor-id=\"451\" class=\"elementor elementor-451\">\n\t\t\t\t<div class=\"elementor-element elementor-element-5c208736 e-flex e-con-boxed e-con e-parent\" data-id=\"5c208736\" data-element_type=\"container\" data-e-type=\"container\">\n\t\t\t\t\t<div class=\"e-con-inner\">\n\t\t\t\t<div class=\"elementor-element elementor-element-7a1fb4f9 elementor-widget elementor-widget-text-editor\" data-id=\"7a1fb4f9\" data-element_type=\"widget\" data-e-type=\"widget\" data-widget_type=\"text-editor.default\">\n\t\t\t\t\t\t\t\t\t<h1>Croque Saumon &#8211; 5,99 \u20ac la part<\/h1>\n<p>Craquez pour notre Croque Saumon, une alliance parfaite entre la d\u00e9licatesse du saumon et du saumon fum\u00e9, le cr\u00e9meux d\u2019une b\u00e9chamel l\u00e9g\u00e8re, et un fromage fondant \u00e0 souhait. Le tout toast\u00e9 sur un pain croustillant au beurre. Une pause gourmande qui allie fra\u00eecheur et gourmandise \u00e0 chaque bouch\u00e9e.<\/p>\n<h3 style=\"font-size: 18px; line-height: 29px; color: #000000; letter-spacing: 0.2px;\" data-elementor-setting-key=\"title\" data-pen-placeholder=\"\u00c9crivez ici...\"><u>Ingr\u00e9dients<\/u> : <span style=\"font-weight: bold;\">Lait,<\/span> <span style=\"font-weight: bold;\">Pain de mie<\/span>, <span style=\"font-weight: bold;\">Saumon,<\/span> Champignons de paris, <span style=\"font-weight: bold;\">Emmental,<\/span> Tomates, <span style=\"font-weight: bold;\">Farine, Beurre,<\/span> \u00c9pinards, \u00c9chalotes, Ail, <span style=\"font-weight: bold;\">Chute de saumon fum\u00e9<\/span>, <span style=\"font-weight: bold;\">Vin blanc<\/span><\/h3>\n<div><span style=\"font-weight: bold;\">&nbsp;<\/span><\/div>\n<h3 style=\"font-size: 18px; line-height: 29px; color: #000000; letter-spacing: 0.2px;\" data-elementor-setting-key=\"title\" data-pen-placeholder=\"\u00c9crivez ici...\"><u>Allerg\u00e8nes<\/u> : <span style=\"font-weight: bold;\">Lait, Gluten, Oeufs, Sulfites, Poissons<\/span><\/h3>\n<div><span style=\"font-weight: bold;\">&nbsp;<\/span><\/div>\n<div>\n<h1>Valeurs nutritionnelles :&nbsp;<\/h1>\n<\/div>\n<div>&nbsp;<\/div>\n<table border=\"0\" cellpadding=\"0\" cellspacing=\"0\" width=\"471\" style=\"border-collapse: collapse; width: 353pt;\"><colgroup><col width=\"231\" style=\"width: 173pt;\"><col width=\"240\" style=\"width: 180pt;\"><\/colgroup><tbody><tr height=\"20\" style=\"height: 15pt;\"><td height=\"20\" class=\"xl65\" width=\"231\" style=\"padding-top: 1px; padding-right: 1px; padding-left: 1px; color: red; font-size: 11pt; font-family: Calibri, sans-serif; vertical-align: bottom; border: 0.5pt solid windowtext; text-wrap-mode: nowrap; height: 15pt; width: 173pt;\">part de 400 grs<\/td><td class=\"xl67\" width=\"240\" style=\"padding-top: 1px; padding-right: 1px; padding-left: 1px; font-size: 11pt; font-family: Calibri, sans-serif; vertical-align: bottom; border-top: 0.5pt solid windowtext; border-right: 0.5pt solid windowtext; border-bottom: 0.5pt solid windowtext; border-left: none; border-image: initial; text-wrap-mode: nowrap; text-align: center; width: 180pt;\">Moy. 100 grs<\/td><\/tr><tr height=\"20\" style=\"height: 15pt;\"><td height=\"20\" class=\"xl66\" style=\"padding-top: 1px; padding-right: 1px; padding-left: 1px; font-size: 11pt; font-family: Calibri, sans-serif; vertical-align: bottom; border-top: none; border-right: 0.5pt solid windowtext; border-bottom: 0.5pt solid windowtext; border-left: 0.5pt solid windowtext; border-image: initial; text-wrap-mode: nowrap; height: 15pt;\">Energie (kcal)<\/td><td class=\"xl68\" style=\"padding-top: 1px; padding-right: 1px; padding-left: 1px; font-size: 11pt; font-family: Calibri, sans-serif; vertical-align: middle; border-top: none; border-right: 0.5pt solid windowtext; border-bottom: 0.5pt solid windowtext; border-left: none; border-image: initial; text-wrap-mode: nowrap; text-align: center;\">189.74<\/td><\/tr><tr height=\"20\" style=\"height: 15pt;\"><td height=\"20\" class=\"xl66\" style=\"padding-top: 1px; padding-right: 1px; padding-left: 1px; font-size: 11pt; font-family: Calibri, sans-serif; vertical-align: bottom; border-top: none; border-right: 0.5pt solid windowtext; border-bottom: 0.5pt solid windowtext; border-left: 0.5pt solid windowtext; border-image: initial; text-wrap-mode: nowrap; height: 15pt;\">Energie (kJ)<\/td><td class=\"xl68\" style=\"padding-top: 1px; padding-right: 1px; padding-left: 1px; font-size: 11pt; font-family: Calibri, sans-serif; vertical-align: middle; border-top: none; border-right: 0.5pt solid windowtext; border-bottom: 0.5pt solid windowtext; border-left: none; border-image: initial; text-wrap-mode: nowrap; text-align: center;\">&nbsp;793.91<\/td><\/tr><tr height=\"20\" style=\"height: 15pt;\"><td height=\"20\" class=\"xl66\" style=\"padding-top: 1px; padding-right: 1px; padding-left: 1px; font-size: 11pt; font-family: Calibri, sans-serif; vertical-align: bottom; border-top: none; border-right: 0.5pt solid windowtext; border-bottom: 0.5pt solid windowtext; border-left: 0.5pt solid windowtext; border-image: initial; text-wrap-mode: nowrap; height: 15pt;\">Mati\u00e8res grasses (g)<\/td><td class=\"xl68\" style=\"padding-top: 1px; padding-right: 1px; padding-left: 1px; font-size: 11pt; font-family: Calibri, sans-serif; vertical-align: middle; border-top: none; border-right: 0.5pt solid windowtext; border-bottom: 0.5pt solid windowtext; border-left: none; border-image: initial; text-wrap-mode: nowrap; text-align: center;\">&nbsp;10.25<\/td><\/tr><tr height=\"20\" style=\"height: 15pt;\"><td height=\"20\" class=\"xl66\" style=\"padding-top: 1px; padding-right: 1px; padding-left: 1px; font-size: 11pt; font-family: Calibri, sans-serif; vertical-align: bottom; border-top: none; border-right: 0.5pt solid windowtext; border-bottom: 0.5pt solid windowtext; border-left: 0.5pt solid windowtext; border-image: initial; text-wrap-mode: nowrap; height: 15pt;\">AG satur\u00e9s (g)<\/td><td class=\"xl68\" style=\"padding-top: 1px; padding-right: 1px; padding-left: 1px; font-size: 11pt; font-family: Calibri, sans-serif; vertical-align: middle; border-top: none; border-right: 0.5pt solid windowtext; border-bottom: 0.5pt solid windowtext; border-left: none; border-image: initial; text-wrap-mode: nowrap; text-align: center;\">5.45<\/td><\/tr><tr height=\"20\" style=\"height: 15pt;\"><td height=\"20\" class=\"xl66\" style=\"padding-top: 1px; padding-right: 1px; padding-left: 1px; font-size: 11pt; font-family: Calibri, sans-serif; vertical-align: bottom; border-top: none; border-right: 0.5pt solid windowtext; border-bottom: 0.5pt solid windowtext; border-left: 0.5pt solid windowtext; border-image: initial; text-wrap-mode: nowrap; height: 15pt;\">Glucides (g)<\/td><td class=\"xl68\" style=\"padding-top: 1px; padding-right: 1px; padding-left: 1px; font-size: 11pt; font-family: Calibri, sans-serif; vertical-align: middle; border-top: none; border-right: 0.5pt solid windowtext; border-bottom: 0.5pt solid windowtext; border-left: none; border-image: initial; text-wrap-mode: nowrap; text-align: center;\">&gt; 14.32<\/td><\/tr><tr height=\"20\" style=\"height: 15pt;\"><td height=\"20\" class=\"xl66\" style=\"padding-top: 1px; padding-right: 1px; padding-left: 1px; font-size: 11pt; font-family: Calibri, sans-serif; vertical-align: bottom; border-top: none; border-right: 0.5pt solid windowtext; border-bottom: 0.5pt solid windowtext; border-left: 0.5pt solid windowtext; border-image: initial; text-wrap-mode: nowrap; height: 15pt;\">Sucres (g)<\/td><td class=\"xl68\" style=\"padding-top: 1px; padding-right: 1px; padding-left: 1px; font-size: 11pt; font-family: Calibri, sans-serif; vertical-align: middle; border-top: none; border-right: 0.5pt solid windowtext; border-bottom: 0.5pt solid windowtext; border-left: none; border-image: initial; text-wrap-mode: nowrap; text-align: center;\">&lt; 2.61<\/td><\/tr><tr height=\"20\" style=\"height: 15pt;\"><td height=\"20\" class=\"xl66\" style=\"padding-top: 1px; padding-right: 1px; padding-left: 1px; font-size: 11pt; font-family: Calibri, sans-serif; vertical-align: bottom; border-top: none; border-right: 0.5pt solid windowtext; border-bottom: 0.5pt solid windowtext; border-left: 0.5pt solid windowtext; border-image: initial; text-wrap-mode: nowrap; height: 15pt;\">Prot\u00e9ines (g)<\/td><td class=\"xl68\" style=\"padding-top: 1px; padding-right: 1px; padding-left: 1px; font-size: 11pt; font-family: Calibri, sans-serif; vertical-align: middle; border-top: none; border-right: 0.5pt solid windowtext; border-bottom: 0.5pt solid windowtext; border-left: none; border-image: initial; text-wrap-mode: nowrap; text-align: center;\">&lt; 9.89<\/td><\/tr><tr height=\"20\" style=\"height: 15pt;\"><td height=\"20\" class=\"xl66\" style=\"padding-top: 1px; padding-right: 1px; padding-left: 1px; font-size: 11pt; font-family: Calibri, sans-serif; vertical-align: bottom; border-top: none; border-right: 0.5pt solid windowtext; border-bottom: 0.5pt solid windowtext; border-left: 0.5pt solid windowtext; border-image: initial; text-wrap-mode: nowrap; height: 15pt;\">Sel (g)<\/td><td class=\"xl68\" style=\"padding-top: 1px; padding-right: 1px; padding-left: 1px; font-size: 11pt; font-family: Calibri, sans-serif; vertical-align: middle; border-top: none; border-right: 0.5pt solid windowtext; border-bottom: 0.5pt solid windowtext; border-left: none; border-image: initial; text-wrap-mode: nowrap; text-align: center;\">&lt; 0.54<\/td><\/tr><tr height=\"20\" style=\"height: 15pt;\"><td height=\"20\" class=\"xl66\" style=\"padding-top: 1px; padding-right: 1px; padding-left: 1px; font-size: 11pt; font-family: Calibri, sans-serif; vertical-align: bottom; border-top: none; border-right: 0.5pt solid windowtext; border-bottom: 0.5pt solid windowtext; border-left: 0.5pt solid windowtext; border-image: initial; text-wrap-mode: nowrap; height: 15pt;\">Fibres (g)<\/td><td class=\"xl68\" style=\"padding-top: 1px; padding-right: 1px; padding-left: 1px; font-size: 11pt; font-family: Calibri, sans-serif; vertical-align: middle; border-top: none; border-right: 0.5pt solid windowtext; border-bottom: 0.5pt solid windowtext; border-left: none; border-image: initial; text-wrap-mode: nowrap; text-align: center;\">&lt; 1.49<\/td><\/tr><\/tbody><\/table>\t\t\t\t\t\t\t\t<\/div>\n\t\t\t\t\t<\/div>\n\t\t\t\t<\/div>\n\t\t\t\t<\/div>\n\t\t","protected":false},"excerpt":{"rendered":"<p>Craquez pour notre Croque Saumon, une alliance parfaite entre la d\u00e9licatesse du saumon et du saumon fum\u00e9, le cr\u00e9meux d\u2019une b\u00e9chamel l\u00e9g\u00e8re, et un fromage fondant \u00e0 souhait.<\/p>\n","protected":false},"featured_media":452,"template":"","meta":{"_uag_custom_page_level_css":"","site-sidebar-layout":"default","site-content-layout":"","ast-site-content-layout":"default","site-content-style":"default","site-sidebar-style":"default","ast-global-header-display":"","ast-banner-title-visibility":"","ast-main-header-display":"","ast-hfb-above-header-display":"","ast-hfb-below-header-display":"","ast-hfb-mobile-header-display":"","site-post-title":"","ast-breadcrumbs-content":"","ast-featured-img":"","footer-sml-layout":"","ast-disable-related-posts":"","theme-transparent-header-meta":"","adv-header-id-meta":"","stick-header-meta":"","header-above-stick-meta":"","header-main-stick-meta":"","header-below-stick-meta":"","astra-migrate-meta-layouts":"default","ast-page-background-enabled":"default","ast-page-background-meta":{"desktop":{"background-color":"var(--ast-global-color-4)","background-image":"","background-repeat":"repeat","background-position":"center center","background-size":"auto","background-attachment":"scroll","background-type":"","background-media":"","overlay-type":"","overlay-color":"","overlay-opacity":"","overlay-gradient":""},"tablet":{"background-color":"","background-image":"","background-repeat":"repeat","background-position":"center center","background-size":"auto","background-attachment":"scroll","background-type":"","background-media":"","overlay-type":"","overlay-color":"","overlay-opacity":"","overlay-gradient":""},"mobile":{"background-color":"","background-image":"","background-repeat":"repeat","background-position":"center center","background-size":"auto","background-attachment":"scroll","background-type":"","background-media":"","overlay-type":"","overlay-color":"","overlay-opacity":"","overlay-gradient":""}},"ast-content-background-meta":{"desktop":{"background-color":"var(--ast-global-color-5)","background-image":"","background-repeat":"repeat","background-position":"center center","background-size":"auto","background-attachment":"scroll","background-type":"","background-media":"","overlay-type":"","overlay-color":"","overlay-opacity":"","overlay-gradient":""},"tablet":{"background-color":"var(--ast-global-color-5)","background-image":"","background-repeat":"repeat","background-position":"center center","background-size":"auto","background-attachment":"scroll","background-type":"","background-media":"","overlay-type":"","overlay-color":"","overlay-opacity":"","overlay-gradient":""},"mobile":{"background-color":"var(--ast-global-color-5)","background-image":"","background-repeat":"repeat","background-position":"center center","background-size":"auto","background-attachment":"scroll","background-type":"","background-media":"","overlay-type":"","overlay-color":"","overlay-opacity":"","overlay-gradient":""}}},"product_brand":[],"product_cat":[18],"product_tag":[],"class_list":{"0":"post-451","1":"product","2":"type-product","3":"status-publish","4":"has-post-thumbnail","6":"product_cat-traiteur","7":"desktop-align-left","8":"tablet-align-left","9":"mobile-align-left","11":"first","12":"instock","13":"shipping-taxable","14":"purchasable","15":"product-type-simple"},"yoast_head":"<!-- This site is optimized with the Yoast SEO plugin v27.5 - https:\/\/yoast.com\/product\/yoast-seo-wordpress\/ -->\n<title>Croque Saumon - Plat traiteur<\/title>\n<meta name=\"description\" content=\"Craquez pour notre Croque Saumon, une alliance parfaite entre la d\u00e9licatesse du saumon, le cr\u00e9meux d\u2019une b\u00e9chamel l\u00e9g\u00e8re, et un fromage fondant \u00e0 souhait.\" \/>\n<meta name=\"robots\" content=\"index, follow, max-snippet:-1, max-image-preview:large, max-video-preview:-1\" \/>\n<link rel=\"canonical\" href=\"https:\/\/monpoisson.fr\/index.php\/produit\/croque-saumon\/\" \/>\n<meta property=\"og:locale\" content=\"fr_FR\" \/>\n<meta property=\"og:type\" content=\"article\" \/>\n<meta property=\"og:title\" content=\"Croque Saumon - Plat traiteur\" \/>\n<meta property=\"og:description\" content=\"Craquez pour notre Croque Saumon, une alliance parfaite entre la d\u00e9licatesse du saumon, le cr\u00e9meux d\u2019une b\u00e9chamel l\u00e9g\u00e8re, et un fromage fondant \u00e0 souhait.\" \/>\n<meta property=\"og:url\" content=\"https:\/\/monpoisson.fr\/index.php\/produit\/croque-saumon\/\" \/>\n<meta property=\"og:site_name\" content=\"Mon Poisson\" \/>\n<meta property=\"article:publisher\" content=\"https:\/\/www.facebook.com\/pecheriescotinierecotiniere?locale=fr_FR\" \/>\n<meta property=\"article:modified_time\" content=\"2025-02-10T15:14:02+00:00\" \/>\n<meta property=\"og:image\" content=\"https:\/\/monpoisson.fr\/wp-content\/uploads\/2024\/12\/CROQUE-MONSIEUR-SAUMONS-2.jpg\" \/>\n\t<meta property=\"og:image:width\" content=\"2011\" \/>\n\t<meta property=\"og:image:height\" content=\"1083\" \/>\n\t<meta property=\"og:image:type\" content=\"image\/jpeg\" \/>\n<meta name=\"twitter:card\" content=\"summary_large_image\" \/>\n<meta name=\"twitter:label1\" content=\"Dur\u00e9e de lecture estim\u00e9e\" \/>\n\t<meta name=\"twitter:data1\" content=\"1 minute\" \/>\n<script type=\"application\/ld+json\" class=\"yoast-schema-graph\">{\"@context\":\"https:\\\/\\\/schema.org\",\"@graph\":[{\"@type\":\"WebPage\",\"@id\":\"https:\\\/\\\/monpoisson.fr\\\/index.php\\\/produit\\\/croque-saumon\\\/\",\"url\":\"https:\\\/\\\/monpoisson.fr\\\/index.php\\\/produit\\\/croque-saumon\\\/\",\"name\":\"Croque Saumon - Plat traiteur\",\"isPartOf\":{\"@id\":\"https:\\\/\\\/monpoisson.fr\\\/#website\"},\"primaryImageOfPage\":{\"@id\":\"https:\\\/\\\/monpoisson.fr\\\/index.php\\\/produit\\\/croque-saumon\\\/#primaryimage\"},\"image\":{\"@id\":\"https:\\\/\\\/monpoisson.fr\\\/index.php\\\/produit\\\/croque-saumon\\\/#primaryimage\"},\"thumbnailUrl\":\"https:\\\/\\\/monpoisson.fr\\\/wp-content\\\/uploads\\\/2024\\\/12\\\/CROQUE-MONSIEUR-SAUMONS-2.jpg\",\"datePublished\":\"2024-12-27T10:23:49+00:00\",\"dateModified\":\"2025-02-10T15:14:02+00:00\",\"description\":\"Craquez pour notre Croque Saumon, une alliance parfaite entre la d\u00e9licatesse du saumon, le cr\u00e9meux d\u2019une b\u00e9chamel l\u00e9g\u00e8re, et un fromage fondant \u00e0 souhait.\",\"breadcrumb\":{\"@id\":\"https:\\\/\\\/monpoisson.fr\\\/index.php\\\/produit\\\/croque-saumon\\\/#breadcrumb\"},\"inLanguage\":\"fr-FR\",\"potentialAction\":[{\"@type\":\"ReadAction\",\"target\":[\"https:\\\/\\\/monpoisson.fr\\\/index.php\\\/produit\\\/croque-saumon\\\/\"]}]},{\"@type\":\"ImageObject\",\"inLanguage\":\"fr-FR\",\"@id\":\"https:\\\/\\\/monpoisson.fr\\\/index.php\\\/produit\\\/croque-saumon\\\/#primaryimage\",\"url\":\"https:\\\/\\\/monpoisson.fr\\\/wp-content\\\/uploads\\\/2024\\\/12\\\/CROQUE-MONSIEUR-SAUMONS-2.jpg\",\"contentUrl\":\"https:\\\/\\\/monpoisson.fr\\\/wp-content\\\/uploads\\\/2024\\\/12\\\/CROQUE-MONSIEUR-SAUMONS-2.jpg\",\"width\":2011,\"height\":1083,\"caption\":\"Croque Saumon\"},{\"@type\":\"BreadcrumbList\",\"@id\":\"https:\\\/\\\/monpoisson.fr\\\/index.php\\\/produit\\\/croque-saumon\\\/#breadcrumb\",\"itemListElement\":[{\"@type\":\"ListItem\",\"position\":1,\"name\":\"Accueil\",\"item\":\"https:\\\/\\\/monpoisson.fr\\\/\"},{\"@type\":\"ListItem\",\"position\":2,\"name\":\"Boutique\",\"item\":\"https:\\\/\\\/monpoisson.fr\\\/index.php\\\/boutique\\\/\"},{\"@type\":\"ListItem\",\"position\":3,\"name\":\"Croque Saumon &#8211; La part\"}]},{\"@type\":\"WebSite\",\"@id\":\"https:\\\/\\\/monpoisson.fr\\\/#website\",\"url\":\"https:\\\/\\\/monpoisson.fr\\\/\",\"name\":\"Mon Poisson\",\"description\":\"\",\"publisher\":{\"@id\":\"https:\\\/\\\/monpoisson.fr\\\/#organization\"},\"potentialAction\":[{\"@type\":\"SearchAction\",\"target\":{\"@type\":\"EntryPoint\",\"urlTemplate\":\"https:\\\/\\\/monpoisson.fr\\\/?s={search_term_string}\"},\"query-input\":{\"@type\":\"PropertyValueSpecification\",\"valueRequired\":true,\"valueName\":\"search_term_string\"}}],\"inLanguage\":\"fr-FR\"},{\"@type\":\"Organization\",\"@id\":\"https:\\\/\\\/monpoisson.fr\\\/#organization\",\"name\":\"Mon Poisson\",\"url\":\"https:\\\/\\\/monpoisson.fr\\\/\",\"logo\":{\"@type\":\"ImageObject\",\"inLanguage\":\"fr-FR\",\"@id\":\"https:\\\/\\\/monpoisson.fr\\\/#\\\/schema\\\/logo\\\/image\\\/\",\"url\":\"https:\\\/\\\/monpoisson.fr\\\/wp-content\\\/uploads\\\/2024\\\/09\\\/cropped-cropped-Design-sans-titre-1.webp\",\"contentUrl\":\"https:\\\/\\\/monpoisson.fr\\\/wp-content\\\/uploads\\\/2024\\\/09\\\/cropped-cropped-Design-sans-titre-1.webp\",\"width\":512,\"height\":205,\"caption\":\"Mon Poisson\"},\"image\":{\"@id\":\"https:\\\/\\\/monpoisson.fr\\\/#\\\/schema\\\/logo\\\/image\\\/\"},\"sameAs\":[\"https:\\\/\\\/www.facebook.com\\\/pecheriescotinierecotiniere?locale=fr_FR\"]}]}<\/script>\n<!-- \/ Yoast SEO plugin. -->","yoast_head_json":{"title":"Croque Saumon - Plat traiteur","description":"Craquez pour notre Croque Saumon, une alliance parfaite entre la d\u00e9licatesse du saumon, le cr\u00e9meux d\u2019une b\u00e9chamel l\u00e9g\u00e8re, et un fromage fondant \u00e0 souhait.","robots":{"index":"index","follow":"follow","max-snippet":"max-snippet:-1","max-image-preview":"max-image-preview:large","max-video-preview":"max-video-preview:-1"},"canonical":"https:\/\/monpoisson.fr\/index.php\/produit\/croque-saumon\/","og_locale":"fr_FR","og_type":"article","og_title":"Croque Saumon - Plat traiteur","og_description":"Craquez pour notre Croque Saumon, une alliance parfaite entre la d\u00e9licatesse du saumon, le cr\u00e9meux d\u2019une b\u00e9chamel l\u00e9g\u00e8re, et un fromage fondant \u00e0 souhait.","og_url":"https:\/\/monpoisson.fr\/index.php\/produit\/croque-saumon\/","og_site_name":"Mon Poisson","article_publisher":"https:\/\/www.facebook.com\/pecheriescotinierecotiniere?locale=fr_FR","article_modified_time":"2025-02-10T15:14:02+00:00","og_image":[{"width":2011,"height":1083,"url":"https:\/\/monpoisson.fr\/wp-content\/uploads\/2024\/12\/CROQUE-MONSIEUR-SAUMONS-2.jpg","type":"image\/jpeg"}],"twitter_card":"summary_large_image","twitter_misc":{"Dur\u00e9e de lecture estim\u00e9e":"1 minute"},"schema":{"@context":"https:\/\/schema.org","@graph":[{"@type":"WebPage","@id":"https:\/\/monpoisson.fr\/index.php\/produit\/croque-saumon\/","url":"https:\/\/monpoisson.fr\/index.php\/produit\/croque-saumon\/","name":"Croque Saumon - Plat traiteur","isPartOf":{"@id":"https:\/\/monpoisson.fr\/#website"},"primaryImageOfPage":{"@id":"https:\/\/monpoisson.fr\/index.php\/produit\/croque-saumon\/#primaryimage"},"image":{"@id":"https:\/\/monpoisson.fr\/index.php\/produit\/croque-saumon\/#primaryimage"},"thumbnailUrl":"https:\/\/monpoisson.fr\/wp-content\/uploads\/2024\/12\/CROQUE-MONSIEUR-SAUMONS-2.jpg","datePublished":"2024-12-27T10:23:49+00:00","dateModified":"2025-02-10T15:14:02+00:00","description":"Craquez pour notre Croque Saumon, une alliance parfaite entre la d\u00e9licatesse du saumon, le cr\u00e9meux d\u2019une b\u00e9chamel l\u00e9g\u00e8re, et un fromage fondant \u00e0 souhait.","breadcrumb":{"@id":"https:\/\/monpoisson.fr\/index.php\/produit\/croque-saumon\/#breadcrumb"},"inLanguage":"fr-FR","potentialAction":[{"@type":"ReadAction","target":["https:\/\/monpoisson.fr\/index.php\/produit\/croque-saumon\/"]}]},{"@type":"ImageObject","inLanguage":"fr-FR","@id":"https:\/\/monpoisson.fr\/index.php\/produit\/croque-saumon\/#primaryimage","url":"https:\/\/monpoisson.fr\/wp-content\/uploads\/2024\/12\/CROQUE-MONSIEUR-SAUMONS-2.jpg","contentUrl":"https:\/\/monpoisson.fr\/wp-content\/uploads\/2024\/12\/CROQUE-MONSIEUR-SAUMONS-2.jpg","width":2011,"height":1083,"caption":"Croque Saumon"},{"@type":"BreadcrumbList","@id":"https:\/\/monpoisson.fr\/index.php\/produit\/croque-saumon\/#breadcrumb","itemListElement":[{"@type":"ListItem","position":1,"name":"Accueil","item":"https:\/\/monpoisson.fr\/"},{"@type":"ListItem","position":2,"name":"Boutique","item":"https:\/\/monpoisson.fr\/index.php\/boutique\/"},{"@type":"ListItem","position":3,"name":"Croque Saumon &#8211; La part"}]},{"@type":"WebSite","@id":"https:\/\/monpoisson.fr\/#website","url":"https:\/\/monpoisson.fr\/","name":"Mon Poisson","description":"","publisher":{"@id":"https:\/\/monpoisson.fr\/#organization"},"potentialAction":[{"@type":"SearchAction","target":{"@type":"EntryPoint","urlTemplate":"https:\/\/monpoisson.fr\/?s={search_term_string}"},"query-input":{"@type":"PropertyValueSpecification","valueRequired":true,"valueName":"search_term_string"}}],"inLanguage":"fr-FR"},{"@type":"Organization","@id":"https:\/\/monpoisson.fr\/#organization","name":"Mon Poisson","url":"https:\/\/monpoisson.fr\/","logo":{"@type":"ImageObject","inLanguage":"fr-FR","@id":"https:\/\/monpoisson.fr\/#\/schema\/logo\/image\/","url":"https:\/\/monpoisson.fr\/wp-content\/uploads\/2024\/09\/cropped-cropped-Design-sans-titre-1.webp","contentUrl":"https:\/\/monpoisson.fr\/wp-content\/uploads\/2024\/09\/cropped-cropped-Design-sans-titre-1.webp","width":512,"height":205,"caption":"Mon Poisson"},"image":{"@id":"https:\/\/monpoisson.fr\/#\/schema\/logo\/image\/"},"sameAs":["https:\/\/www.facebook.com\/pecheriescotinierecotiniere?locale=fr_FR"]}]}},"uagb_featured_image_src":{"full":["https:\/\/monpoisson.fr\/wp-content\/uploads\/2024\/12\/CROQUE-MONSIEUR-SAUMONS-2.jpg",2011,1083,false],"thumbnail":["https:\/\/monpoisson.fr\/wp-content\/uploads\/2024\/12\/CROQUE-MONSIEUR-SAUMONS-2-150x150.jpg",150,150,true],"medium":["https:\/\/monpoisson.fr\/wp-content\/uploads\/2024\/12\/CROQUE-MONSIEUR-SAUMONS-2-300x162.jpg",300,162,true],"medium_large":["https:\/\/monpoisson.fr\/wp-content\/uploads\/2024\/12\/CROQUE-MONSIEUR-SAUMONS-2-768x414.jpg",768,414,true],"large":["https:\/\/monpoisson.fr\/wp-content\/uploads\/2024\/12\/CROQUE-MONSIEUR-SAUMONS-2-1024x551.jpg",1024,551,true],"1536x1536":["https:\/\/monpoisson.fr\/wp-content\/uploads\/2024\/12\/CROQUE-MONSIEUR-SAUMONS-2-1536x827.jpg",1536,827,true],"2048x2048":["https:\/\/monpoisson.fr\/wp-content\/uploads\/2024\/12\/CROQUE-MONSIEUR-SAUMONS-2.jpg",2011,1083,false],"woocommerce_thumbnail":["https:\/\/monpoisson.fr\/wp-content\/uploads\/2024\/12\/CROQUE-MONSIEUR-SAUMONS-2-300x300.jpg",300,300,true],"woocommerce_single":["https:\/\/monpoisson.fr\/wp-content\/uploads\/2024\/12\/CROQUE-MONSIEUR-SAUMONS-2-600x323.jpg",600,323,true],"woocommerce_gallery_thumbnail":["https:\/\/monpoisson.fr\/wp-content\/uploads\/2024\/12\/CROQUE-MONSIEUR-SAUMONS-2-100x100.jpg",100,100,true]},"uagb_author_info":{"display_name":"Lola","author_link":"https:\/\/monpoisson.fr\/index.php\/author\/"},"uagb_comment_info":0,"uagb_excerpt":"Craquez pour notre Croque Saumon, une alliance parfaite entre la d\u00e9licatesse du saumon et du saumon fum\u00e9, le cr\u00e9meux d\u2019une b\u00e9chamel l\u00e9g\u00e8re, et un fromage fondant \u00e0 souhait.","_links":{"self":[{"href":"https:\/\/monpoisson.fr\/index.php\/wp-json\/wp\/v2\/product\/451","targetHints":{"allow":["GET"]}}],"collection":[{"href":"https:\/\/monpoisson.fr\/index.php\/wp-json\/wp\/v2\/product"}],"about":[{"href":"https:\/\/monpoisson.fr\/index.php\/wp-json\/wp\/v2\/types\/product"}],"version-history":[{"count":36,"href":"https:\/\/monpoisson.fr\/index.php\/wp-json\/wp\/v2\/product\/451\/revisions"}],"predecessor-version":[{"id":804,"href":"https:\/\/monpoisson.fr\/index.php\/wp-json\/wp\/v2\/product\/451\/revisions\/804"}],"wp:featuredmedia":[{"embeddable":true,"href":"https:\/\/monpoisson.fr\/index.php\/wp-json\/wp\/v2\/media\/452"}],"wp:attachment":[{"href":"https:\/\/monpoisson.fr\/index.php\/wp-json\/wp\/v2\/media?parent=451"}],"wp:term":[{"taxonomy":"product_brand","embeddable":true,"href":"https:\/\/monpoisson.fr\/index.php\/wp-json\/wp\/v2\/product_brand?post=451"},{"taxonomy":"product_cat","embeddable":true,"href":"https:\/\/monpoisson.fr\/index.php\/wp-json\/wp\/v2\/product_cat?post=451"},{"taxonomy":"product_tag","embeddable":true,"href":"https:\/\/monpoisson.fr\/index.php\/wp-json\/wp\/v2\/product_tag?post=451"}],"curies":[{"name":"wp","href":"https:\/\/api.w.org\/{rel}","templated":true}]}}