{"id":416,"date":"2024-12-26T15:08:57","date_gmt":"2024-12-26T14:08:57","guid":{"rendered":"https:\/\/monpoisson.fr\/?post_type=product&#038;p=416"},"modified":"2026-03-16T16:35:47","modified_gmt":"2026-03-16T15:35:47","slug":"choucroute-de-la-mer-au-beurre-nantais","status":"publish","type":"product","link":"https:\/\/monpoisson.fr\/index.php\/produit\/choucroute-de-la-mer-au-beurre-nantais\/","title":{"rendered":"Choucroute de la mer au beurre Nantais &#8211; La part"},"content":{"rendered":"\t\t<div data-elementor-type=\"wp-post\" data-elementor-id=\"416\" class=\"elementor elementor-416\">\n\t\t\t\t<div class=\"elementor-element elementor-element-23f413eb e-flex e-con-boxed e-con e-parent\" data-id=\"23f413eb\" data-element_type=\"container\" data-e-type=\"container\">\n\t\t\t\t\t<div class=\"e-con-inner\">\n\t\t\t\t<div class=\"elementor-element elementor-element-6e3f31d8 elementor-widget elementor-widget-text-editor\" data-id=\"6e3f31d8\" data-element_type=\"widget\" data-e-type=\"widget\" data-widget_type=\"text-editor.default\">\n\t\t\t\t\t\t\t\t\t<h3><strong>Choucroute de la mer &#8211; 10,99 \u20ac la part :\u00a0<\/strong><\/h3><p>Fait par notre chef traiteur Laurent, on peut d\u00e9j\u00e0 vous dire que vous allez adorer : du chou gouteux et savoureux, accompagn\u00e9 de saumon, de poisson de saison, de crevettes, de filets de Haddocks&#8230; Des bons produits de la mer, qui font du bien au moral et \u00e0 la sant\u00e9.<\/p><p><u>Ingr\u00e9dients<\/u> : <b>Choux<\/b>, <strong>Poisson blanc<\/strong>, <b>Cr\u00e8me,<\/b> Pommes de terre grenailles,<b> Crevettes<\/b>, <b>Boudin de<\/b> <b>saumon, Haddock<\/b>, \u00c9chalote, Jus de citron\u00a0<\/p><p><u>Allerg\u00e8nes<\/u> : <b>Lait, Crustac\u00e9s, Poissons, Bl\u00e9, Gluten, C\u00e9leri<\/b><\/p><p><strong style=\"color: var(--global-palette3); font-size: 24px; text-align: var(--text-align);\">Valeurs nutritionnelles\u00a0 :\u00a0<\/strong><\/p><div>\u00a0<\/div><table style=\"border-collapse: collapse; width: 353pt;\" border=\"0\" width=\"471\" cellspacing=\"0\" cellpadding=\"0\"><colgroup> <col style=\"width: 173pt;\" width=\"231\" \/> <col style=\"width: 180pt;\" width=\"240\" \/><\/colgroup><tbody><tr style=\"height: 19pt;\"><td class=\"xl68\" style=\"padding-top: 1px; padding-right: 1px; padding-left: 1px; font-size: 14pt; font-family: Calibri, sans-serif; vertical-align: bottom; border-width: 0.5pt; border-style: solid; border-color: windowtext black windowtext windowtext; border-image: initial; text-wrap-mode: nowrap; text-align: center; height: 19pt; width: 353pt;\" colspan=\"2\" width=\"471\" height=\"25\">Choucroute<\/td><\/tr><tr style=\"height: 15pt;\"><td class=\"xl65\" style=\"padding-top: 1px; padding-right: 1px; padding-left: 1px; color: red; font-size: 11pt; font-family: Calibri, sans-serif; vertical-align: bottom; border-top: none; border-right: 0.5pt solid windowtext; border-bottom: 0.5pt solid windowtext; border-left: 0.5pt solid windowtext; border-image: initial; text-wrap-mode: nowrap; height: 15pt;\" height=\"20\">part de 600 grs<\/td><td class=\"xl67\" style=\"padding-top: 1px; padding-right: 1px; padding-left: 1px; font-size: 11pt; font-family: Calibri, sans-serif; vertical-align: bottom; border-top: none; border-right: 0.5pt solid windowtext; border-bottom: 0.5pt solid windowtext; border-left: none; border-image: initial; text-wrap-mode: nowrap; text-align: center;\">Moy. 100 grs<\/td><\/tr><tr style=\"height: 15pt;\"><td class=\"xl66\" style=\"padding-top: 1px; padding-right: 1px; padding-left: 1px; font-size: 11pt; font-family: Calibri, sans-serif; vertical-align: bottom; border-top: none; border-right: 0.5pt solid windowtext; border-bottom: 0.5pt solid windowtext; border-left: 0.5pt solid windowtext; border-image: initial; text-wrap-mode: nowrap; height: 15pt;\" height=\"20\">Energie (kcal)<\/td><td class=\"xl66\" style=\"padding-top: 1px; padding-right: 1px; padding-left: 1px; font-size: 11pt; font-family: Calibri, sans-serif; vertical-align: bottom; border-top: none; border-right: 0.5pt solid windowtext; border-bottom: 0.5pt solid windowtext; border-left: none; border-image: initial; text-wrap-mode: nowrap;\">\u00a0194.24<\/td><\/tr><tr style=\"height: 15pt;\"><td class=\"xl66\" style=\"padding-top: 1px; padding-right: 1px; padding-left: 1px; font-size: 11pt; font-family: Calibri, sans-serif; vertical-align: bottom; border-top: none; border-right: 0.5pt solid windowtext; border-bottom: 0.5pt solid windowtext; border-left: 0.5pt solid windowtext; border-image: initial; text-wrap-mode: nowrap; height: 15pt;\" height=\"20\">Energie (kJ)<\/td><td class=\"xl66\" style=\"padding-top: 1px; padding-right: 1px; padding-left: 1px; font-size: 11pt; font-family: Calibri, sans-serif; vertical-align: bottom; border-top: none; border-right: 0.5pt solid windowtext; border-bottom: 0.5pt solid windowtext; border-left: none; border-image: initial; text-wrap-mode: nowrap;\">\u00a0394.43<\/td><\/tr><tr style=\"height: 15pt;\"><td class=\"xl66\" style=\"padding-top: 1px; padding-right: 1px; padding-left: 1px; font-size: 11pt; font-family: Calibri, sans-serif; vertical-align: bottom; border-top: none; border-right: 0.5pt solid windowtext; border-bottom: 0.5pt solid windowtext; border-left: 0.5pt solid windowtext; border-image: initial; text-wrap-mode: nowrap; height: 15pt;\" height=\"20\">Mati\u00e8res grasses (g)<\/td><td class=\"xl66\" style=\"padding-top: 1px; padding-right: 1px; padding-left: 1px; font-size: 11pt; font-family: Calibri, sans-serif; vertical-align: bottom; border-top: none; border-right: 0.5pt solid windowtext; border-bottom: 0.5pt solid windowtext; border-left: none; border-image: initial; text-wrap-mode: nowrap;\">\u00a07.3<\/td><\/tr><tr style=\"height: 15pt;\"><td class=\"xl66\" style=\"padding-top: 1px; padding-right: 1px; padding-left: 1px; font-size: 11pt; font-family: Calibri, sans-serif; vertical-align: bottom; border-top: none; border-right: 0.5pt solid windowtext; border-bottom: 0.5pt solid windowtext; border-left: 0.5pt solid windowtext; border-image: initial; text-wrap-mode: nowrap; height: 15pt;\" height=\"20\">AG satur\u00e9s (g)<\/td><td class=\"xl66\" style=\"padding-top: 1px; padding-right: 1px; padding-left: 1px; font-size: 11pt; font-family: Calibri, sans-serif; vertical-align: bottom; border-top: none; border-right: 0.5pt solid windowtext; border-bottom: 0.5pt solid windowtext; border-left: none; border-image: initial; text-wrap-mode: nowrap;\">\u00a04.4<\/td><\/tr><tr style=\"height: 15pt;\"><td class=\"xl66\" style=\"padding-top: 1px; padding-right: 1px; padding-left: 1px; font-size: 11pt; font-family: Calibri, sans-serif; vertical-align: bottom; border-top: none; border-right: 0.5pt solid windowtext; border-bottom: 0.5pt solid windowtext; border-left: 0.5pt solid windowtext; border-image: initial; text-wrap-mode: nowrap; height: 15pt;\" height=\"20\">Glucides (g)<\/td><td class=\"xl66\" style=\"padding-top: 1px; padding-right: 1px; padding-left: 1px; font-size: 11pt; font-family: Calibri, sans-serif; vertical-align: bottom; border-top: none; border-right: 0.5pt solid windowtext; border-bottom: 0.5pt solid windowtext; border-left: none; border-image: initial; text-wrap-mode: nowrap;\">&gt; 4.62<\/td><\/tr><tr style=\"height: 15pt;\"><td class=\"xl66\" style=\"padding-top: 1px; padding-right: 1px; padding-left: 1px; font-size: 11pt; font-family: Calibri, sans-serif; vertical-align: bottom; border-top: none; border-right: 0.5pt solid windowtext; border-bottom: 0.5pt solid windowtext; border-left: 0.5pt solid windowtext; border-image: initial; text-wrap-mode: nowrap; height: 15pt;\" height=\"20\">Sucres (g)<\/td><td class=\"xl66\" style=\"padding-top: 1px; padding-right: 1px; padding-left: 1px; font-size: 11pt; font-family: Calibri, sans-serif; vertical-align: bottom; border-top: none; border-right: 0.5pt solid windowtext; border-bottom: 0.5pt solid windowtext; border-left: none; border-image: initial; text-wrap-mode: nowrap;\">&lt; 2.1<\/td><\/tr><tr style=\"height: 15pt;\"><td class=\"xl66\" style=\"padding-top: 1px; padding-right: 1px; padding-left: 1px; font-size: 11pt; font-family: Calibri, sans-serif; vertical-align: bottom; border-top: none; border-right: 0.5pt solid windowtext; border-bottom: 0.5pt solid windowtext; border-left: 0.5pt solid windowtext; border-image: initial; text-wrap-mode: nowrap; height: 15pt;\" height=\"20\">Prot\u00e9ines (g)<\/td><td class=\"xl66\" style=\"padding-top: 1px; padding-right: 1px; padding-left: 1px; font-size: 11pt; font-family: Calibri, sans-serif; vertical-align: bottom; border-top: none; border-right: 0.5pt solid windowtext; border-bottom: 0.5pt solid windowtext; border-left: none; border-image: initial; text-wrap-mode: nowrap;\">\u00a07.02<\/td><\/tr><tr style=\"height: 15pt;\"><td class=\"xl66\" style=\"padding-top: 1px; padding-right: 1px; padding-left: 1px; font-size: 11pt; font-family: Calibri, sans-serif; vertical-align: bottom; border-top: none; border-right: 0.5pt solid windowtext; border-bottom: 0.5pt solid windowtext; border-left: 0.5pt solid windowtext; border-image: initial; text-wrap-mode: nowrap; height: 15pt;\" height=\"20\">Sel (g)<\/td><td class=\"xl66\" style=\"padding-top: 1px; padding-right: 1px; padding-left: 1px; font-size: 11pt; font-family: Calibri, sans-serif; vertical-align: bottom; border-top: none; border-right: 0.5pt solid windowtext; border-bottom: 0.5pt solid windowtext; border-left: none; border-image: initial; text-wrap-mode: nowrap;\">\u00a00.7<\/td><\/tr><tr style=\"height: 15pt;\"><td class=\"xl66\" style=\"padding-top: 1px; padding-right: 1px; padding-left: 1px; font-size: 11pt; font-family: Calibri, sans-serif; vertical-align: bottom; border-top: none; border-right: 0.5pt solid windowtext; border-bottom: 0.5pt solid windowtext; border-left: 0.5pt solid windowtext; border-image: initial; text-wrap-mode: nowrap; height: 15pt;\" height=\"20\">Fibres (g)<\/td><td class=\"xl66\" style=\"padding-top: 1px; padding-right: 1px; padding-left: 1px; font-size: 11pt; font-family: Calibri, sans-serif; vertical-align: bottom; border-top: none; border-right: 0.5pt solid windowtext; border-bottom: 0.5pt solid windowtext; border-left: none; border-image: initial; text-wrap-mode: nowrap;\">&lt; 0.23<\/td><\/tr><\/tbody><\/table>\t\t\t\t\t\t\t\t<\/div>\n\t\t\t\t\t<\/div>\n\t\t\t\t<\/div>\n\t\t\t\t<\/div>\n\t\t","protected":false},"excerpt":{"rendered":"<p>Fait par notre chef traiteur Laurent, on peut d\u00e9j\u00e0 vous dire que vous allez adorer : du chou gouteux et savoureux, accompagn\u00e9 de saumon, de poisson de saison, de crevettes, de filets de Haddocks&#8230; Des bons produits de la mer, qui font du bien au moral et \u00e0 la sant\u00e9.<\/p>\n<p>&nbsp;<\/p>\n","protected":false},"featured_media":1175,"template":"","meta":{"_uag_custom_page_level_css":"","site-sidebar-layout":"default","site-content-layout":"","ast-site-content-layout":"default","site-content-style":"default","site-sidebar-style":"default","ast-global-header-display":"","ast-banner-title-visibility":"","ast-main-header-display":"","ast-hfb-above-header-display":"","ast-hfb-below-header-display":"","ast-hfb-mobile-header-display":"","site-post-title":"","ast-breadcrumbs-content":"","ast-featured-img":"","footer-sml-layout":"","ast-disable-related-posts":"","theme-transparent-header-meta":"default","adv-header-id-meta":"","stick-header-meta":"","header-above-stick-meta":"","header-main-stick-meta":"","header-below-stick-meta":"","astra-migrate-meta-layouts":"set","ast-page-background-enabled":"default","ast-page-background-meta":{"desktop":{"background-color":"var(--ast-global-color-4)","background-image":"","background-repeat":"repeat","background-position":"center center","background-size":"auto","background-attachment":"scroll","background-type":"","background-media":"","overlay-type":"","overlay-color":"","overlay-opacity":"","overlay-gradient":""},"tablet":{"background-color":"","background-image":"","background-repeat":"repeat","background-position":"center center","background-size":"auto","background-attachment":"scroll","background-type":"","background-media":"","overlay-type":"","overlay-color":"","overlay-opacity":"","overlay-gradient":""},"mobile":{"background-color":"","background-image":"","background-repeat":"repeat","background-position":"center center","background-size":"auto","background-attachment":"scroll","background-type":"","background-media":"","overlay-type":"","overlay-color":"","overlay-opacity":"","overlay-gradient":""}},"ast-content-background-meta":{"desktop":{"background-color":"var(--ast-global-color-5)","background-image":"","background-repeat":"repeat","background-position":"center center","background-size":"auto","background-attachment":"scroll","background-type":"","background-media":"","overlay-type":"","overlay-color":"","overlay-opacity":"","overlay-gradient":""},"tablet":{"background-color":"var(--ast-global-color-5)","background-image":"","background-repeat":"repeat","background-position":"center center","background-size":"auto","background-attachment":"scroll","background-type":"","background-media":"","overlay-type":"","overlay-color":"","overlay-opacity":"","overlay-gradient":""},"mobile":{"background-color":"var(--ast-global-color-5)","background-image":"","background-repeat":"repeat","background-position":"center center","background-size":"auto","background-attachment":"scroll","background-type":"","background-media":"","overlay-type":"","overlay-color":"","overlay-opacity":"","overlay-gradient":""}}},"product_brand":[],"product_cat":[18],"product_tag":[],"class_list":{"0":"post-416","1":"product","2":"type-product","3":"status-publish","4":"has-post-thumbnail","6":"product_cat-traiteur","7":"desktop-align-left","8":"tablet-align-left","9":"mobile-align-left","11":"first","12":"instock","13":"shipping-taxable","14":"purchasable","15":"product-type-simple"},"yoast_head":"<!-- This site is optimized with the Yoast SEO plugin v27.5 - https:\/\/yoast.com\/product\/yoast-seo-wordpress\/ -->\n<title>Choucroute de la mer au beurre Nantais<\/title>\n<meta name=\"description\" content=\"Choucroute de la mer au beurre Nantais fait par notre chef traiteur Laurent. Vous allez adorer : du chou savoureux, du saumon, du poisson de saison...\" \/>\n<meta name=\"robots\" content=\"index, follow, max-snippet:-1, max-image-preview:large, max-video-preview:-1\" \/>\n<link rel=\"canonical\" href=\"https:\/\/monpoisson.fr\/index.php\/produit\/choucroute-de-la-mer-au-beurre-nantais\/\" \/>\n<meta property=\"og:locale\" content=\"fr_FR\" \/>\n<meta property=\"og:type\" content=\"article\" \/>\n<meta property=\"og:title\" content=\"Choucroute de la mer au beurre Nantais\" \/>\n<meta property=\"og:description\" content=\"Choucroute de la mer au beurre Nantais fait par notre chef traiteur Laurent. Vous allez adorer : du chou savoureux, du saumon, du poisson de saison...\" \/>\n<meta property=\"og:url\" content=\"https:\/\/monpoisson.fr\/index.php\/produit\/choucroute-de-la-mer-au-beurre-nantais\/\" \/>\n<meta property=\"og:site_name\" content=\"Mon Poisson\" \/>\n<meta property=\"article:publisher\" content=\"https:\/\/www.facebook.com\/pecheriescotinierecotiniere?locale=fr_FR\" \/>\n<meta property=\"article:modified_time\" content=\"2026-03-16T15:35:47+00:00\" \/>\n<meta property=\"og:image\" content=\"https:\/\/monpoisson.fr\/wp-content\/uploads\/2024\/12\/IMG_2917-1.jpg\" \/>\n\t<meta property=\"og:image:width\" content=\"1986\" \/>\n\t<meta property=\"og:image:height\" content=\"2476\" \/>\n\t<meta property=\"og:image:type\" content=\"image\/jpeg\" \/>\n<meta name=\"twitter:card\" content=\"summary_large_image\" \/>\n<meta name=\"twitter:label1\" content=\"Dur\u00e9e de lecture estim\u00e9e\" \/>\n\t<meta name=\"twitter:data1\" content=\"1 minute\" \/>\n<script type=\"application\/ld+json\" class=\"yoast-schema-graph\">{\"@context\":\"https:\\\/\\\/schema.org\",\"@graph\":[{\"@type\":\"WebPage\",\"@id\":\"https:\\\/\\\/monpoisson.fr\\\/index.php\\\/produit\\\/choucroute-de-la-mer-au-beurre-nantais\\\/\",\"url\":\"https:\\\/\\\/monpoisson.fr\\\/index.php\\\/produit\\\/choucroute-de-la-mer-au-beurre-nantais\\\/\",\"name\":\"Choucroute de la mer au beurre Nantais\",\"isPartOf\":{\"@id\":\"https:\\\/\\\/monpoisson.fr\\\/#website\"},\"primaryImageOfPage\":{\"@id\":\"https:\\\/\\\/monpoisson.fr\\\/index.php\\\/produit\\\/choucroute-de-la-mer-au-beurre-nantais\\\/#primaryimage\"},\"image\":{\"@id\":\"https:\\\/\\\/monpoisson.fr\\\/index.php\\\/produit\\\/choucroute-de-la-mer-au-beurre-nantais\\\/#primaryimage\"},\"thumbnailUrl\":\"https:\\\/\\\/monpoisson.fr\\\/wp-content\\\/uploads\\\/2024\\\/12\\\/IMG_2917-1.jpg\",\"datePublished\":\"2024-12-26T14:08:57+00:00\",\"dateModified\":\"2026-03-16T15:35:47+00:00\",\"description\":\"Choucroute de la mer au beurre Nantais fait par notre chef traiteur Laurent. Vous allez adorer : du chou savoureux, du saumon, du poisson de saison...\",\"breadcrumb\":{\"@id\":\"https:\\\/\\\/monpoisson.fr\\\/index.php\\\/produit\\\/choucroute-de-la-mer-au-beurre-nantais\\\/#breadcrumb\"},\"inLanguage\":\"fr-FR\",\"potentialAction\":[{\"@type\":\"ReadAction\",\"target\":[\"https:\\\/\\\/monpoisson.fr\\\/index.php\\\/produit\\\/choucroute-de-la-mer-au-beurre-nantais\\\/\"]}]},{\"@type\":\"ImageObject\",\"inLanguage\":\"fr-FR\",\"@id\":\"https:\\\/\\\/monpoisson.fr\\\/index.php\\\/produit\\\/choucroute-de-la-mer-au-beurre-nantais\\\/#primaryimage\",\"url\":\"https:\\\/\\\/monpoisson.fr\\\/wp-content\\\/uploads\\\/2024\\\/12\\\/IMG_2917-1.jpg\",\"contentUrl\":\"https:\\\/\\\/monpoisson.fr\\\/wp-content\\\/uploads\\\/2024\\\/12\\\/IMG_2917-1.jpg\",\"width\":1986,\"height\":2476,\"caption\":\"Choucroute de la Mer au Beurre Nantais\"},{\"@type\":\"BreadcrumbList\",\"@id\":\"https:\\\/\\\/monpoisson.fr\\\/index.php\\\/produit\\\/choucroute-de-la-mer-au-beurre-nantais\\\/#breadcrumb\",\"itemListElement\":[{\"@type\":\"ListItem\",\"position\":1,\"name\":\"Accueil\",\"item\":\"https:\\\/\\\/monpoisson.fr\\\/\"},{\"@type\":\"ListItem\",\"position\":2,\"name\":\"Boutique\",\"item\":\"https:\\\/\\\/monpoisson.fr\\\/index.php\\\/boutique\\\/\"},{\"@type\":\"ListItem\",\"position\":3,\"name\":\"Choucroute de la mer au beurre Nantais &#8211; La part\"}]},{\"@type\":\"WebSite\",\"@id\":\"https:\\\/\\\/monpoisson.fr\\\/#website\",\"url\":\"https:\\\/\\\/monpoisson.fr\\\/\",\"name\":\"Mon Poisson\",\"description\":\"\",\"publisher\":{\"@id\":\"https:\\\/\\\/monpoisson.fr\\\/#organization\"},\"potentialAction\":[{\"@type\":\"SearchAction\",\"target\":{\"@type\":\"EntryPoint\",\"urlTemplate\":\"https:\\\/\\\/monpoisson.fr\\\/?s={search_term_string}\"},\"query-input\":{\"@type\":\"PropertyValueSpecification\",\"valueRequired\":true,\"valueName\":\"search_term_string\"}}],\"inLanguage\":\"fr-FR\"},{\"@type\":\"Organization\",\"@id\":\"https:\\\/\\\/monpoisson.fr\\\/#organization\",\"name\":\"Mon Poisson\",\"url\":\"https:\\\/\\\/monpoisson.fr\\\/\",\"logo\":{\"@type\":\"ImageObject\",\"inLanguage\":\"fr-FR\",\"@id\":\"https:\\\/\\\/monpoisson.fr\\\/#\\\/schema\\\/logo\\\/image\\\/\",\"url\":\"https:\\\/\\\/monpoisson.fr\\\/wp-content\\\/uploads\\\/2024\\\/09\\\/cropped-cropped-Design-sans-titre-1.webp\",\"contentUrl\":\"https:\\\/\\\/monpoisson.fr\\\/wp-content\\\/uploads\\\/2024\\\/09\\\/cropped-cropped-Design-sans-titre-1.webp\",\"width\":512,\"height\":205,\"caption\":\"Mon Poisson\"},\"image\":{\"@id\":\"https:\\\/\\\/monpoisson.fr\\\/#\\\/schema\\\/logo\\\/image\\\/\"},\"sameAs\":[\"https:\\\/\\\/www.facebook.com\\\/pecheriescotinierecotiniere?locale=fr_FR\"]}]}<\/script>\n<!-- \/ Yoast SEO plugin. -->","yoast_head_json":{"title":"Choucroute de la mer au beurre Nantais","description":"Choucroute de la mer au beurre Nantais fait par notre chef traiteur Laurent. Vous allez adorer : du chou savoureux, du saumon, du poisson de saison...","robots":{"index":"index","follow":"follow","max-snippet":"max-snippet:-1","max-image-preview":"max-image-preview:large","max-video-preview":"max-video-preview:-1"},"canonical":"https:\/\/monpoisson.fr\/index.php\/produit\/choucroute-de-la-mer-au-beurre-nantais\/","og_locale":"fr_FR","og_type":"article","og_title":"Choucroute de la mer au beurre Nantais","og_description":"Choucroute de la mer au beurre Nantais fait par notre chef traiteur Laurent. Vous allez adorer : du chou savoureux, du saumon, du poisson de saison...","og_url":"https:\/\/monpoisson.fr\/index.php\/produit\/choucroute-de-la-mer-au-beurre-nantais\/","og_site_name":"Mon Poisson","article_publisher":"https:\/\/www.facebook.com\/pecheriescotinierecotiniere?locale=fr_FR","article_modified_time":"2026-03-16T15:35:47+00:00","og_image":[{"width":1986,"height":2476,"url":"https:\/\/monpoisson.fr\/wp-content\/uploads\/2024\/12\/IMG_2917-1.jpg","type":"image\/jpeg"}],"twitter_card":"summary_large_image","twitter_misc":{"Dur\u00e9e de lecture estim\u00e9e":"1 minute"},"schema":{"@context":"https:\/\/schema.org","@graph":[{"@type":"WebPage","@id":"https:\/\/monpoisson.fr\/index.php\/produit\/choucroute-de-la-mer-au-beurre-nantais\/","url":"https:\/\/monpoisson.fr\/index.php\/produit\/choucroute-de-la-mer-au-beurre-nantais\/","name":"Choucroute de la mer au beurre Nantais","isPartOf":{"@id":"https:\/\/monpoisson.fr\/#website"},"primaryImageOfPage":{"@id":"https:\/\/monpoisson.fr\/index.php\/produit\/choucroute-de-la-mer-au-beurre-nantais\/#primaryimage"},"image":{"@id":"https:\/\/monpoisson.fr\/index.php\/produit\/choucroute-de-la-mer-au-beurre-nantais\/#primaryimage"},"thumbnailUrl":"https:\/\/monpoisson.fr\/wp-content\/uploads\/2024\/12\/IMG_2917-1.jpg","datePublished":"2024-12-26T14:08:57+00:00","dateModified":"2026-03-16T15:35:47+00:00","description":"Choucroute de la mer au beurre Nantais fait par notre chef traiteur Laurent. Vous allez adorer : du chou savoureux, du saumon, du poisson de saison...","breadcrumb":{"@id":"https:\/\/monpoisson.fr\/index.php\/produit\/choucroute-de-la-mer-au-beurre-nantais\/#breadcrumb"},"inLanguage":"fr-FR","potentialAction":[{"@type":"ReadAction","target":["https:\/\/monpoisson.fr\/index.php\/produit\/choucroute-de-la-mer-au-beurre-nantais\/"]}]},{"@type":"ImageObject","inLanguage":"fr-FR","@id":"https:\/\/monpoisson.fr\/index.php\/produit\/choucroute-de-la-mer-au-beurre-nantais\/#primaryimage","url":"https:\/\/monpoisson.fr\/wp-content\/uploads\/2024\/12\/IMG_2917-1.jpg","contentUrl":"https:\/\/monpoisson.fr\/wp-content\/uploads\/2024\/12\/IMG_2917-1.jpg","width":1986,"height":2476,"caption":"Choucroute de la Mer au Beurre Nantais"},{"@type":"BreadcrumbList","@id":"https:\/\/monpoisson.fr\/index.php\/produit\/choucroute-de-la-mer-au-beurre-nantais\/#breadcrumb","itemListElement":[{"@type":"ListItem","position":1,"name":"Accueil","item":"https:\/\/monpoisson.fr\/"},{"@type":"ListItem","position":2,"name":"Boutique","item":"https:\/\/monpoisson.fr\/index.php\/boutique\/"},{"@type":"ListItem","position":3,"name":"Choucroute de la mer au beurre Nantais &#8211; La part"}]},{"@type":"WebSite","@id":"https:\/\/monpoisson.fr\/#website","url":"https:\/\/monpoisson.fr\/","name":"Mon Poisson","description":"","publisher":{"@id":"https:\/\/monpoisson.fr\/#organization"},"potentialAction":[{"@type":"SearchAction","target":{"@type":"EntryPoint","urlTemplate":"https:\/\/monpoisson.fr\/?s={search_term_string}"},"query-input":{"@type":"PropertyValueSpecification","valueRequired":true,"valueName":"search_term_string"}}],"inLanguage":"fr-FR"},{"@type":"Organization","@id":"https:\/\/monpoisson.fr\/#organization","name":"Mon Poisson","url":"https:\/\/monpoisson.fr\/","logo":{"@type":"ImageObject","inLanguage":"fr-FR","@id":"https:\/\/monpoisson.fr\/#\/schema\/logo\/image\/","url":"https:\/\/monpoisson.fr\/wp-content\/uploads\/2024\/09\/cropped-cropped-Design-sans-titre-1.webp","contentUrl":"https:\/\/monpoisson.fr\/wp-content\/uploads\/2024\/09\/cropped-cropped-Design-sans-titre-1.webp","width":512,"height":205,"caption":"Mon Poisson"},"image":{"@id":"https:\/\/monpoisson.fr\/#\/schema\/logo\/image\/"},"sameAs":["https:\/\/www.facebook.com\/pecheriescotinierecotiniere?locale=fr_FR"]}]}},"uagb_featured_image_src":{"full":["https:\/\/monpoisson.fr\/wp-content\/uploads\/2024\/12\/IMG_2917-1.jpg",1986,2476,false],"thumbnail":["https:\/\/monpoisson.fr\/wp-content\/uploads\/2024\/12\/IMG_2917-1-150x150.jpg",150,150,true],"medium":["https:\/\/monpoisson.fr\/wp-content\/uploads\/2024\/12\/IMG_2917-1-241x300.jpg",241,300,true],"medium_large":["https:\/\/monpoisson.fr\/wp-content\/uploads\/2024\/12\/IMG_2917-1-768x957.jpg",768,957,true],"large":["https:\/\/monpoisson.fr\/wp-content\/uploads\/2024\/12\/IMG_2917-1-821x1024.jpg",821,1024,true],"1536x1536":["https:\/\/monpoisson.fr\/wp-content\/uploads\/2024\/12\/IMG_2917-1-1232x1536.jpg",1232,1536,true],"2048x2048":["https:\/\/monpoisson.fr\/wp-content\/uploads\/2024\/12\/IMG_2917-1-1643x2048.jpg",1643,2048,true],"woocommerce_thumbnail":["https:\/\/monpoisson.fr\/wp-content\/uploads\/2024\/12\/IMG_2917-1-300x300.jpg",300,300,true],"woocommerce_single":["https:\/\/monpoisson.fr\/wp-content\/uploads\/2024\/12\/IMG_2917-1-600x748.jpg",600,748,true],"woocommerce_gallery_thumbnail":["https:\/\/monpoisson.fr\/wp-content\/uploads\/2024\/12\/IMG_2917-1-100x100.jpg",100,100,true]},"uagb_author_info":{"display_name":"Lola","author_link":"https:\/\/monpoisson.fr\/index.php\/author\/"},"uagb_comment_info":0,"uagb_excerpt":"Fait par notre chef traiteur Laurent, on peut d\u00e9j\u00e0 vous dire que vous allez adorer : du chou gouteux et savoureux, accompagn\u00e9 de saumon, de poisson de saison, de crevettes, de filets de Haddocks... Des bons produits de la mer, qui font du bien au moral et \u00e0 la sant\u00e9. &nbsp;","_links":{"self":[{"href":"https:\/\/monpoisson.fr\/index.php\/wp-json\/wp\/v2\/product\/416","targetHints":{"allow":["GET"]}}],"collection":[{"href":"https:\/\/monpoisson.fr\/index.php\/wp-json\/wp\/v2\/product"}],"about":[{"href":"https:\/\/monpoisson.fr\/index.php\/wp-json\/wp\/v2\/types\/product"}],"version-history":[{"count":40,"href":"https:\/\/monpoisson.fr\/index.php\/wp-json\/wp\/v2\/product\/416\/revisions"}],"predecessor-version":[{"id":937,"href":"https:\/\/monpoisson.fr\/index.php\/wp-json\/wp\/v2\/product\/416\/revisions\/937"}],"wp:featuredmedia":[{"embeddable":true,"href":"https:\/\/monpoisson.fr\/index.php\/wp-json\/wp\/v2\/media\/1175"}],"wp:attachment":[{"href":"https:\/\/monpoisson.fr\/index.php\/wp-json\/wp\/v2\/media?parent=416"}],"wp:term":[{"taxonomy":"product_brand","embeddable":true,"href":"https:\/\/monpoisson.fr\/index.php\/wp-json\/wp\/v2\/product_brand?post=416"},{"taxonomy":"product_cat","embeddable":true,"href":"https:\/\/monpoisson.fr\/index.php\/wp-json\/wp\/v2\/product_cat?post=416"},{"taxonomy":"product_tag","embeddable":true,"href":"https:\/\/monpoisson.fr\/index.php\/wp-json\/wp\/v2\/product_tag?post=416"}],"curies":[{"name":"wp","href":"https:\/\/api.w.org\/{rel}","templated":true}]}}